.
7, 1747
Let q(j) = j**2 + 4*j - 10. Let g be q(-6). Suppose g*c - 260 - 200 = 0. Suppose -2*y = -122 - c. List the prime factors of y.
2, 11
Suppose -23*t = -4*m + 102389, 35*m - 2*t = 37*m - 51316. List the prime factors of m.
13, 1973
Let a = 18869 + -9124. What are the prime factors of a?
5, 1949
Let g = -119 + 277. Suppose 0 = -0*q + 5*q - 4*r - 792, -g = -q + r. Suppose -f + 258 = 5*o + f, -4*f = -3*o + q. List the prime factors of o.
2, 13
Suppose -7*s + 108 = -144. Let r(k) = 53*k + s*k - 1 - 10*k. What are the prime factors of r(1)?
2, 3, 13
Suppose -4*f + 19150 = -5*y - 9662, 2*f - 14406 = -3*y. List the prime factors of f.
3, 7
Suppose 4 = 5*x - 3*x. Suppose n - x*n = -0*n. Suppose -8*c + 12*c - 76 = n. What are the prime factors of c?
19
Let a be 6/(-15) + (-30)/25*3. List the prime factors of (695 - -1) + (-3)/((-3)/a).
2, 173
Suppose -43540 + 8996 = 11*h - 15*h. What are the prime factors of h?
2, 17, 127
Suppose 3*n - 20 = -5. Suppose -46 = -2*m - c, -3 + n = -c. Let b(s) = 10*s - 75. What are the prime factors of b(m)?
3, 5, 11
Let m be (-264)/(-55) - 8/10. Let t = -10 - -17. Suppose -t*w + m*w + 129 = 0. What are the prime factors of w?
43
Let s(v) = 43*v**2 - 3*v - 1. Let g be s(-1). Suppose 5*i + 0 = -g. Let k(d) = d**3 + 12*d**2 + 13*d - 4. List the prime factors of k(i).
2, 61
Suppose 4*l - 2*h - 6 = 0, 2*l - 3 = -3*h + 4. Suppose 13*r - 55 = l*r. Suppose -n - 5*s = -4*n + 328, r*s = -2*n + 177. List the prime factors of n.
101
Let h be ((-92)/(-11))/2 + (-10)/55. Suppose h*g + 40 = 8*g. Suppose 189 = g*r - 771. What are the prime factors of r?
2, 3
Let n be 2 - ((-4)/(-6) + (-10)/15). Let x(u) = 54*u**2 + u - 9. What are the prime factors of x(n)?
11, 19
Let u(k) = -63*k**3 + 35*k**2 + 91*k + 42. What are the prime factors of u(-8)?
2, 3, 5, 7, 23
Let m(o) = 4*o**2 - 4*o - 61. Let w = 346 - 359. What are the prime factors of m(w)?
23, 29
Let p(t) = 8*t**2 + 5*t**2 + 358*t**3 + 1 + 24*t + 0*t**2 - 357*t**3 + 3. Suppose -16 = 5*f + 9, -u + 4*f + 13 = 0. What are the prime factors of p(u)?
2, 5, 13
Suppose 3*g + 203 = 10*g. Suppose 5*h - 4*h = g. List the prime factors of h.
29
Suppose -3*w = -26*w - 16*w + 2262. List the prime factors of w.
2, 29
Suppose -4*s = x + 1, -3*s = -x - 1 - 0. Suppose s = 5*g - 1029 - 351. Suppose 0 = -4*j + g - 44. What are the prime factors of j?
2, 29
Let l(h) be the second derivative of 7/12*h**4 + 0 - 5/6*h**3 + 25*h + h**2. List the prime factors of l(2).
2, 5
Let j be -2 - (0 + -34 + 3). Let l be (0 + -139)/(j/(-87)). Let v = l + -231. List the prime factors of v.
2, 3, 31
Suppose -b - 254 = -81*n + 80*n, 5*n + 2*b = 1235. What are the prime factors of n?
3, 83
Let s = -188 + -4. What are the prime factors of 2/(-12) + (-112736)/s?
587
Suppose -56 = -2*h + 4*r, r - 22 - 72 = -4*h. List the prime factors of 8/(-3)*(-6462)/h.
2, 359
Let w(r) = 9081*r - 6831. What are the prime factors of w(8)?
3, 71, 103
Let w(a) = -4*a + 4. Let b be w(4). Let z be (164/14)/(23*(-38)/(-3059)). Let r = z - b. What are the prime factors of r?
53
Suppose 324*o - 185728 - 61140 = 111800. List the prime factors of o.
3, 41
Let y(q) = -4516*q + 1178. List the prime factors of y(-9).
2, 11, 1901
Let k be (3 + -2)/(5/130). Suppose 504 = -20*a + 8*a. Let x = k - a. List the prime factors of x.
2, 17
Let a = 3813 + -2701. What are the prime factors of a?
2, 139
Let s be (-15 + 5)*(8/20 - 0). List the prime factors of s/(-4*1/100).
2, 5
Let g = 607 - 184. Let v = 235 - g. Let j = v - -314. List the prime factors of j.
2, 3, 7
Let i be -1*5 - 3*(-9724)/(-39). Let q = 1263 + i. What are the prime factors of q?
2, 3, 5, 17
Let r = 223090 - 135574. List the prime factors of r.
2, 3, 11, 13, 17
Let s(a) = 20*a**2 + 176*a - 47. What are the prime factors of s(-16)?
37, 61
Suppose -1 = 9*a - 73. Suppose -a*t = -4851 - 1085. List the prime factors of t.
2, 7, 53
Suppose -2*h = 2*u - 8338, -3*h = 2*u - u - 4175. What are the prime factors of u?
2, 2083
Suppose 3*c - 5*q = 272839, -454723 = 107*c - 112*c + 4*q. List the prime factors of c.
199, 457
Suppose -3*u + 18 = 0, -8*h + 5*u + 359829 = 136475. What are the prime factors of h?
7, 3989
Let o(u) = u**2 + 27*u + 193. Let g be o(-24). Suppose -c + 96 = 4*s, 0*c + 5*c - 384 = 4*s. Let y = g - c. What are the prime factors of y?
41
Let y(r) = r**3 - 6*r**2 + r + 13. Let l be y(6). Suppose -7*a + l = -9. Suppose 4*k - 444 = -k - q, k - 85 = -a*q. List the prime factors of k.
89
Let w = 38 + -32. Suppose -8*f = w - 62. Suppose 2*c + 55 = f*c + 2*y, -11 = -c + 4*y. What are the prime factors of c?
11
Let c(j) = 1344*j + 741. What are the prime factors of c(9)?
3, 11, 389
Suppose -252*q + 1363962 + 665444 = 486662. List the prime factors of q.
2, 3061
Let c be 71712/7 - (-12)/28. Suppose 34*v = 19*v + c. List the prime factors of v.
683
Let l(n) = 108*n + 108. Let q be l(-8). Let v = q + 1940. What are the prime factors of v?
2, 37
Let y = 43 + -206. Let m = 447 + y. List the prime factors of m.
2, 71
What are the prime factors of (-48)/(-336) + 1502870/63 + (-4)/18?
5, 13, 367
Let b = 30 - 93. Let j = b + 145. Suppose 41 = f - j. List the prime factors of f.
3, 41
Let t = -477 - -5664. List the prime factors of t.
3, 7, 13, 19
Suppose 22*a = 2*a - 100. Let f(d) = -2*d**3 + 4*d**2 + 7*d + 69. List the prime factors of f(a).
2, 3
Let s(i) = 8607*i + 277. Let o be s(5). Suppose -37*c + 3345 = -o. What are the prime factors of c?
13, 97
Let h(k) = 3*k + 29. Let p be h(-8). Suppose -2*r = -p + 141. List the prime factors of (-12155)/r + (-2)/(-8).
179
Let v = 7283 - -20963. List the prime factors of v.
2, 29, 487
Let p(i) = -120*i - 1346. What are the prime factors of p(-66)?
2, 19, 173
Suppose -3*m + 20 = h - 170, -2*m = 3*h - 136. Suppose -m + 482 = -5*z. Let l = 3 - z. List the prime factors of l.
3, 29
Suppose -5*t + 4*a = 42, -4*a = a + 10. Let i = 119 + t. List the prime factors of i.
109
Let v(c) = -c**3 - 6*c**2 + 7*c - 18. Suppose -6 - 14 = 5*m. Let g be m - (8 - (3 - -1)). What are the prime factors of v(g)?
2, 3
Let v(d) = d**3 + 4*d**2 + 3*d - 3. Let y be v(-2). Let a(s) = 10*s**2 - 3*s - 4. Let p be a(y). Suppose 5*k + 232 = p*k. What are the prime factors of k?
2, 29
List the prime factors of (44652/1098)/((-4)/(-198)).
3, 11, 61
Let w = 83 + -60. Let d = 56 - w. List the prime factors of d.
3, 11
Let g = 19660 + 9870. List the prime factors of g.
2, 5, 2953
Suppose 3*i = 2*o - 11713, 91*i - 89*i - 5881 = -o. List the prime factors of o.
5867
Let p = 92 + -156. Let c = -58 - p. Suppose 15*b + c = 16*b. What are the prime factors of b?
2, 3
Let c be 1/2 + (-22)/4. Let r be (-10)/(-25) - (-462)/c. Let o = r + 181. What are the prime factors of o?
89
List the prime factors of 96 + 0 - (9 - 5).
2, 23
What are the prime factors of 4206 - (17 + -13)*1?
2, 11, 191
Let h be (3509/58)/((-2)/(-12)). Let d = h - 17. Let y = d - 209. List the prime factors of y.
137
Suppose -4*x = 4*r + 4, 0*x = 5*r + 3*x + 13. Let i(a) = 3*a**3 + 16*a**2 + 5*a - 3. Let g be i(r). List the prime factors of 50/8 + g/12.
2, 3
Let k be (-5 - 66/(-12))*1328. Suppose -9*i - 268 = -k. What are the prime factors of i?
2, 11
Let q = -4 + 22. Let m be (q/(-5))/((-12)/3360). Suppose 20*b - 12*b = m. What are the prime factors of b?
2, 3, 7
Suppose 0 = -w - 2*k - 55, -67 = w - 6*k + 4*k. Suppose 3*b + 127 = 4*t, -3*b + 182 = 5*t + b. Let j = t - w. What are the prime factors of j?
5, 19
Let r be ((-2)/(-3))/(9/6777). Let f = 727 - r. What are the prime factors of 5*9/(f/970)?
2, 97
Suppose -3*w = 16*w - 134271 - 107694. What are the prime factors of w?
3, 5, 283
Let h(z) = 13*z - 5. Let u be h(1). Suppose 4*g = 5*p - 4001, u*p - 4*g - 2407 = 5*p. What are the prime factors of p?
797
Suppose 3*u - 195527 = -5*h - 8446, 0 = 2*u + 4*h - 124726. What are the prime factors of u?
62347
Suppose 767957 = 50*k - 295943. List the prime factors of k.
2, 10639
Let v be (-6)/10 - (-808)/(-20). Let m = v - 7. Let t = m - -189. What are the prime factors of t?
3, 47
Suppose 26*s = -4*n + 28*s + 29606, 29597 = 4*n + s. List the prime factors of n.
2, 5, 37
Let t = -134 + 142. Suppose -t*w - b = -4*w - 135, -3*b + 42 = w. List the prime factors of w.
3, 11
Suppose 3*j - 3*k + 514 + 224 = 0, 2*k + 264 = -j. Suppose 2*d + 127